)/(k/(-419)) composite?
False
Let q be (-33)/(-5) + ((-182)/35)/(-13). Suppose q*j - 120362 = -15*j. Is j prime?
True
Suppose 5*o = 2*c - 14003, -3*c + 2*c = -4*o - 7003. Let f = c - 3531. Suppose 4 = j, -2*j = 4*h - 0*j - f. Is h a prime number?
False
Let d = 2168 + 173113. Is d a prime number?
False
Let l(d) be the third derivative of d**5/60 + d**4/6 - 49*d**3/6 + 4*d**2 - 15*d. Is l(-22) a composite number?
False
Suppose 244 = 5*w - u, -6 = -4*u - 2. Suppose 67086 = 5*z - r, -z - r = -13465 + w. Is z a prime number?
True
Let w be (3/5)/(34/156740). Let c = w - -2141. Is c prime?
False
Let v(y) = -1320*y - 17. Let q(z) = -4*z - 33. Let k be q(-6). Is v(k) prime?
True
Is -39554*(4*(-27)/18 + 11/2) composite?
False
Let g(l) = 44617*l - 1354. Is g(3) prime?
False
Is 6/12*-64502*-1 a prime number?
True
Let c(d) = 314*d**2 + 92*d + 331. Is c(-4) a composite number?
False
Let p = 35687 - 15676. Is p a composite number?
False
Suppose -4*d - 34 = -2*y, 0 = -4*d - 20 + 8. Suppose -z - 3*l + 0 = -y, 0 = -5*l - 5. Suppose -13*f + z*f - 1657 = 0. Is f composite?
False
Suppose 0*i - 3*y - 25 = -5*i, 17 = -4*i - 5*y. Suppose 0*x = i*x - 3*x. Suppose 2*k - r - 12053 = -3*k, x = -4*k - 5*r + 9654. Is k prime?
True
Let j be (-337092)/(-20) + 6/(-10) + -2. Suppose -j + 3745 = -3*d + 2*b, -d + b = -4370. Is d composite?
True
Suppose 0 = 836*h - 848*h + 367764. Is h a composite number?
True
Let j = -142 + 147. Is -34197*j/(-55) + (-2)/(-11) a composite number?
False
Let r be 6 - (1 - 0) - (71 - 68). Is 1 - (-311 + -2) - (-7 + r) a composite number?
True
Suppose -o = -a + 6 - 20, o - 5*a = 30. Let s(r) be the second derivative of 38*r**3/3 + 27*r**2/2 + 2*r. Is s(o) a composite number?
False
Suppose -51*b + 57*b + 546 = 0. Let l = -463 + 167. Let t = b - l. Is t prime?
False
Let y(k) be the first derivative of k**4 - 2*k**3 + 15*k + 38. Let w(u) = 12*u**3 - 19*u**2 + u + 45. Let d(g) = 3*w(g) - 8*y(g). Is d(7) a composite number?
False
Let o(p) = p - 5. Let f be o(7). Let m be ((-5)/(-10))/(f/(-4)). Let b(t) = -58*t**3 - t**2 + 1. Is b(m) composite?
True
Suppose -m + 15 = u + 1, -3*u - 4*m = -44. Let l = -2970 - -2962. Is -573*1*l/u a prime number?
False
Let t(f) be the third derivative of 17*f**5/60 + 11*f**4/12 + 23*f**3/6 - 21*f**2. Let v be t(10). Suppose -18582 = -5*m + v. Is m a composite number?
True
Let v(m) = 2*m**3 + 10*m**2 - 8*m - 687. Is v(46) a prime number?
False
Let w(g) = -220324*g**3 + 4*g**2 + 4*g + 3. Is w(-1) composite?
False
Let c = -74333 + 137574. Is c a prime number?
True
Let v be (-3)/9 - (-2)/6. Suppose v*c = -3*c + 3. Is -74*c/3*(-3)/2 a prime number?
True
Let l = 49 - 86. Let n = l - -37. Suppose 3*z - 4*r - 1583 = n, 3*r = 2*z + 5*r - 1032. Is z a prime number?
True
Let r(n) = n**2 + 4*n - 40. Let s be r(5). Suppose s*k + 25 = 0, 0 = -3*v + v + k + 531. Is v prime?
True
Suppose -4535073 = -265*l + 19565882. Is l a prime number?
True
Suppose -2*g + 13*g = 13*g. Suppose -2*m + 0*m + 31479 = 5*i, -4*i + 3*m + 25174 = g. Is i prime?
False
Suppose 0 = -r + 5*r + 40. Let s = r - 0. Is (s - -8)*(-6353)/2 composite?
False
Let q(k) = -k**3 + 2*k**2 + 2*k + 540139. Is q(0) a composite number?
False
Let p = 35397 + -10852. Is p composite?
True
Suppose 12*l - 52896 = 31*l. Let x = -1547 - l. Is x a composite number?
False
Suppose -2*i = 6*i + 7880. Let b = -583 - i. Suppose 6*u - 9*u + b = 0. Is u a composite number?
True
Suppose 0 = -2*r + 3 + 5. Suppose r*z + 29 = 65. Is (0 - -1143) + (-7 - -14 - z) a prime number?
False
Suppose -2*i + 1462413 = 5*x, 2*i + 2*x = 1171817 + 290611. Is i prime?
True
Let i(v) = 53*v**2 + 25*v - 23. Let d be i(13). Suppose -4*u - 5*g + 7409 = 0, -5*u - 4*g + 0*g = -d. Is u prime?
False
Suppose 0 = 14*b - 12*b + 3162. Let n = b + 2468. Is n a prime number?
True
Suppose 10*b + 1187004 = -18*b. Let f = b - -62038. Is f prime?
False
Suppose 6*n - 54 = -30. Suppose -4431 = -4*f - i, -n*f - 5*i = -2*i - 4429. Let r = f + 151. Is r prime?
True
Suppose 0 = 4*g + 24*g - 2172664 + 46876. Is g a composite number?
True
Let j = -7416 - -15445. Suppose 2*n + j = p, -3*p + 18*n + 24097 = 14*n. Is p composite?
False
Let r be 28/196 - (-129165)/(-7). Let l = r + 41209. Suppose x = -6*x + l. Is x composite?
False
Let o = 66 + -38. Let m be ((-21)/o)/((-9)/60). Suppose f + 4*f - 4033 = -2*t, -m*t = 5*f - 4030. Is f prime?
False
Let m(j) = 31*j**2 - 45*j + 54*j - 1 + 2 + 0. Is m(-5) a prime number?
False
Is (209 - -1051329)/(-1 + 3) a composite number?
False
Let a = 103 + -92. Let t(g) = 2*g**2 + 9*g + 56. Let v be t(a). Suppose 6*c = -43 + v. Is c a prime number?
True
Let m be (-78)/26 + 15*1. Suppose 3*u + 2*u = f + m, 3*u = 3*f. Suppose -4*x - u*d = -13717, 0*x + 13720 = 4*x + 4*d. Is x a composite number?
True
Suppose -5*y - 4*t = -95026 - 39659, 2*t = -5*y + 134695. Is y composite?
True
Let j = -37 - -40. Suppose -5*i - j + 83 = 5*b, -5*b + 48 = 3*i. Suppose -11*h = -i*h + 895. Is h a prime number?
True
Suppose q - 2 + 1 = 0, m = 3*q - 3. Let y be 10/(-5) + 1 - m. Is y/(-3*(-1)/(-2667)) a composite number?
True
Let p be (1144/156)/(4/1038). Suppose p = 8*x - 7*x. Is x a composite number?
True
Let z(o) = -26*o**3 + 47*o**2 - 2*o - 32. Let m(y) = 9*y**3 - 16*y**2 + 11. Let p(j) = -17*m(j) - 6*z(j). Is p(8) composite?
False
Let w(t) = -2*t**2 - 20*t + 26. Let v be w(-10). Is (-44)/286 + 473490/v composite?
False
Suppose 3*v = -3*k - 0*v - 492, 148 = -k - 5*v. Let s = -59 - k. Is s prime?
True
Let s(f) = 25*f**3 + 57*f**2 - 293*f + 60. Is s(41) composite?
True
Suppose 3728*m = 3706*m + 162602. Is m a composite number?
True
Let k = -113 + -3. Is 464*k/(-8) + 5 composite?
False
Is (-2)/(-25 + -1) + 2773492524/2574 a composite number?
True
Suppose -b + m = -320, 438 - 2047 = -5*b - 4*m. Suppose 1949 = 4*r + b. Is r prime?
False
Is 4/8*(-11715928)/(-28) a composite number?
False
Let v(w) = 75*w**3 - 5*w**2 - w. Let l(q) = q**2 + q + 1. Let c(d) = -5*l(d) - v(d). Let j be c(-2). Let f = j + 32. Is f prime?
False
Suppose 36*y = -51*y + 7541943. Is y composite?
False
Let o(z) = 7*z**3 - 4*z**2 - 9*z - 5. Suppose 5*a = 2*g - 23, 3*a - 34 = -g - 2*a. Suppose -2*p = 3*l + 1 - 31, g = 2*l + p. Is o(l) prime?
True
Let g = -507909 - -1041551. Is g a composite number?
True
Let u be (1 + 0)/(7/21). Suppose 0*p + u*p + 3 = 3*j, 4*p - 17 = -3*j. Suppose -7197 - 4758 = -j*i. Is i a composite number?
True
Let y(i) = -337*i + 27. Let k be (-4)/36 - 74/(-18). Suppose h + 3*p + 13 = -1, 2*p - k = h. Is y(h) composite?
True
Let j(o) = 67*o - 281*o - 130*o - 15 - 44*o. Is j(-1) a prime number?
True
Let z(f) = -11*f**2 - 28*f - 26. Let c be z(-11). Let o = c + 1966. Let g = o + 714. Is g prime?
False
Suppose -5*g = -5*a + 847430, -4*g = -5*a + 445509 + 401923. Let l = a + -116939. Is l composite?
True
Suppose 3*a + 3 = 0, 2*a - 92 = -3*i + 8. Let s = 746 + -741. Suppose -s*q - 5*j + 190 = 0, -j + i = q + 4*j. Is q prime?
False
Let d be 88302/39 + 2/(-13). Suppose 2*a + 4*w - d = -0*a, -2262 = -2*a - 3*w. Suppose 4*s - a = 5*u + 393, -s = -5*u - 384. Is s a prime number?
True
Let s(u) = 1385*u + 74. Let o be s(9). Let m = o - 8212. Is m prime?
True
Let a(i) = 3*i - 42. Let v be a(-5). Is v/(-38) + 29157/6 a prime number?
True
Suppose -2*h + 118 - 1048 = 0. Let v = h + 967. Is v composite?
True
Suppose 2668536 = 167*d - 180*d. Is (d/60)/(4/(-10)) a prime number?
False
Let x(j) = -338*j**3 + 6*j**2 + 6*j - 3. Let b = -203 + 199. Is x(b) a prime number?
True
Let l(b) = 11035*b + 674. Is l(9) prime?
True
Suppose 8 - 2 = 2*v. Suppose h - 2*j = 1195, -3*j - 3570 = -v*h - 0*j. Let z = 70 + h. Is z prime?
False
Suppose 19*j = -796768 + 2249375. Is j composite?
True
Let y be (-13 + (-20)/(-4))*-5. Suppose y = 11*j - j. Is (j/22)/1 + (-57197)/(-77) composite?
False
Suppose 4*n + 56 = u, 0*n + 2*u = -4*n - 44. Let c(s) = 8*s**2 - 15*s - 86. Is c(n) a composite number?
True
Let y = -39069 - -59150. Is y composite?
True
Let p(q) = 367*q - 32. Is p(13) a composite number?
True
Let h(w) = -768*w - 77. Let u(v) = 3838*v + 386. Let q(n) = -11*h(n) - 2*u(n). Is q(4) a prime number?
True
Let l be 2 + (6 + -5)/((-1)/(-5)). Let j(n) = 577*n - 80. Is j(l) a composite number?
True
Let l = -2301666 - -3436805. Is l composite?
True
Suppose 3*v + 17 = 2*a + 6*v, 3 = 3*a - 3*v. 